d 3507727924?
172
What is the greatest common factor of 50 and 356223150?
50
Calculate the greatest common divisor of 119143 and 181872.
421
Calculate the highest common divisor of 1638 and 1856218.
182
Calculate the greatest common divisor of 18245 and 29815.
445
Calculate the highest common divisor of 27886045 and 1705.
55
What is the highest common divisor of 18822035 and 1905?
635
What is the greatest common divisor of 2475 and 1077275?
25
Calculate the highest common divisor of 464090 and 440.
110
What is the greatest common divisor of 1017 and 9138321?
9
Calculate the highest common divisor of 108 and 3467748.
12
What is the highest common divisor of 8910917 and 29?
29
What is the highest common divisor of 739406052 and 44?
44
Calculate the greatest common divisor of 1384 and 160777204.
692
What is the highest common factor of 1038096 and 420080?
1424
Calculate the highest common factor of 3498 and 8572476.
66
What is the highest common divisor of 986622 and 8736?
546
What is the greatest common divisor of 763084 and 4088?
28
What is the highest common divisor of 477 and 47996217?
477
What is the greatest common factor of 2840 and 4094357?
71
Calculate the greatest common factor of 5409838 and 77.
7
What is the greatest common factor of 14994 and 777240?
306
Calculate the highest common divisor of 248691 and 456.
57
Calculate the highest common divisor of 1550437 and 427.
427
What is the greatest common factor of 609 and 5316135?
87
Calculate the greatest common divisor of 916184 and 1485320.
568
What is the highest common factor of 5217704 and 1843?
19
What is the highest common divisor of 50269815 and 405?
405
What is the highest common divisor of 1731324205 and 13?
13
Calculate the greatest common divisor of 124807 and 662297.
911
What is the highest common divisor of 7068604 and 76156?
316
What is the greatest common divisor of 208750 and 267868?
334
Calculate the greatest common divisor of 2839 and 6074151.
17
Calculate the highest common factor of 25933 and 1.
1
Calculate the highest common divisor of 950 and 1311100.
50
Calculate the highest common divisor of 82380 and 580.
20
Calculate the greatest common factor of 1204347 and 5652.
471
Calculate the greatest common factor of 24103725 and 900.
75
Calculate the highest common factor of 95271 and 85107.
33
What is the greatest common divisor of 22015069 and 127?
127
What is the highest common factor of 7437731 and 54817?
1337
What is the highest common factor of 36 and 283916652?
12
What is the greatest common divisor of 1890 and 25006170?
210
What is the greatest common factor of 5525 and 1130925?
425
What is the greatest common factor of 292330 and 1242?
46
Calculate the highest common factor of 150103 and 91207.
409
Calculate the greatest common factor of 17109 and 23805.
9
Calculate the greatest common factor of 21 and 55094620.
7
Calculate the highest common factor of 375 and 8103.
3
Calculate the greatest common factor of 1846 and 216086.
26
Calculate the highest common divisor of 21 and 1579237779.
21
What is the highest common divisor of 8 and 13437088?
8
What is the greatest common divisor of 153058 and 208678?
206
Calculate the highest common factor of 94 and 12528273.
47
Calculate the highest common factor of 96 and 38428384.
32
What is the highest common divisor of 8601568 and 4146?
1382
Calculate the greatest common factor of 20428 and 4172.
4
Calculate the highest common factor of 40530352 and 27772.
524
What is the greatest common factor of 34559 and 189?
7
Calculate the highest common factor of 152600 and 2246708.
436
What is the highest common factor of 7795 and 5550?
5
Calculate the greatest common factor of 252 and 25648236.
36
What is the greatest common factor of 793064712 and 66?
66
What is the highest common divisor of 92340 and 5265090?
1710
What is the highest common factor of 9570 and 415558?
22
What is the highest common factor of 528 and 11413072?
176
Calculate the greatest common divisor of 13175 and 5886590.
2635
Calculate the greatest common divisor of 49 and 2127664.
7
What is the highest common factor of 324 and 6505284?
12
Calculate the greatest common divisor of 16965 and 1167105.
435
What is the highest common factor of 28774184 and 8?
8
What is the highest common factor of 7693605 and 33335?
565
Calculate the greatest common factor of 138609 and 21651.
3
What is the highest common factor of 270 and 5472990?
90
Calculate the highest common factor of 1338 and 449490396.
1338
Calculate the highest common divisor of 82194428 and 2556.
284
Calculate the greatest common divisor of 9133725 and 4053.
579
Calculate the greatest common divisor of 1129207 and 2658.
443
Calculate the highest common factor of 1998 and 8524800.
666
Calculate the highest common divisor of 57 and 2640259.
19
What is the highest common factor of 40250 and 215625?
2875
Calculate the highest common factor of 99 and 75368073.
33
Calculate the highest common factor of 3516 and 964263.
879
What is the greatest common factor of 225 and 765825?
75
Calculate the greatest common divisor of 1251 and 1966433.
139
Calculate the highest common factor of 4268310 and 424882.
3898
Calculate the highest common divisor of 1088 and 2957456.
272
Calculate the highest common divisor of 25 and 7963975.
25
What is the greatest common divisor of 155983744 and 101864?
5992
Calculate the highest common factor of 1805 and 47367095.
95
What is the greatest common divisor of 54826470 and 266555?
2995
What is the highest common divisor of 75516 and 1030428?
2436
Calculate the greatest common divisor of 70848317 and 6439.
6439
What is the highest common divisor of 910290 and 5790?
30
What is the highest common divisor of 1683 and 763704447?
561
Calculate the highest common factor of 789264 and 7925120.
3248
Calculate the highest common divisor of 125433 and 853083.
693
What is the highest common factor of 115222833 and 81180?
4059
Calculate the greatest common divisor of 2395140 and 1584.
132
What is the highest common factor of 738 and 655754?
82
Calculate the highest common divisor of 61012349 and 7754.
3877
What is the highest common divisor of 52901 and 340?
1
What is the greatest common divisor of 1062 and 67945167?
531
What is the highest common divisor of 46584 and 54408?
24
Calculate the greatest common factor of 12508332 and 6672.
1668
Calculate the highest common factor of 737254 and 21952.
98
What is the highest common divisor of 1357 and 678362?
23
What is the highest common divisor of 60 and 17422635?
15
What is the greatest common factor of 7655970 and 3570?
210
Calculate the greatest common factor of 398480052 and 24.
12
What is the greatest common divisor of 435 and 12536265?
435
Calculate the greatest common factor of 1612 and 5512048.
124
What is the greatest common factor of 288304974 and 513?
513
What is the highest common factor of 320694 and 543477?
1419
What is the greatest common factor of 20206195 and 19765?
335
What is the greatest common factor of 5716 and 168802054?
2858
What is the highest common divisor of 69 and 6982685?
23
Calculate the highest common divisor of 32 and 7381548.
4
Calculate the greatest common factor of 459 and 4637889.
153
What is the greatest common divisor of 87337812 and 48?
12
What is the highest common divisor of 2735880 and 552?
24
What is the highest common divisor of 20046 and 2517?
3
What is the greatest common divisor of 31302957 and 4494?
2247
Calculate the highest common factor of 35210010 and 1230.
30
What is the highest common divisor of 447395 and 619840?
65
What is the greatest common factor of 26972066 and 572?
22
What is the highest common factor of 10078502 and 224?
14
What is the greatest common factor of 541952 and 18432?
256
Calculate the greatest common factor of 36010 and 75920.
130
Calculate the greatest common divisor of 343596 and 852.
12
Calculate the highest common divisor of 1652 and 5624234.
826
What is the greatest common factor of 3267 and 5126649?
363
Calculate the greatest common divisor of 3020580 and 6362940.
10380
What is the highest common divisor of 1755 and 77709645?
1755
What is the greatest common factor of 189 and 1535382?
27
What is the greatest common factor of 836 and 68841828?
44
Calculate the highest common 